)?
-355
Let c(s) = 8*s**2 + 255*s - 121. Give c(-41).
2872
Let m(g) = -228*g**2 - 1546*g - 2023. Determine m(-5).
7
Let t(a) = -4163*a + 8400. Determine t(2).
74
Let h(t) = t**3 - 92*t**2 + 493*t + 1911. Calculate h(86).
-67
Let t(q) = 2*q**3 - 73*q**2 + 602*q - 44. Determine t(24).
4
Let b(w) = 19*w**3 + 1479*w**2 - 231*w + 240. Calculate b(-78).
6
Let y(n) = -146*n**2 + 21467*n - 498. Give y(147).
237
Let j(z) = z**3 - 74*z**2 + 1331*z + 86. Determine j(43).
0
Let y(h) = -25*h**3 - 257*h**2 - 283*h + 50. Determine y(-9).
5
Let j(w) = -6*w**3 - 101*w**2 - 485*w + 150. What is j(-7)?
654
Let m(j) = -9*j**2 - 918*j - 4598. Calculate m(-97).
-233
Let s(o) = -o**2 - 8192*o + 57418. Determine s(7).
25
Let x(g) = 5*g**2 - 317*g + 5899. Calculate x(37).
1015
Let y(n) = 3*n**2 - 114*n - 348. What is y(-3)?
21
Let z(y) = 4*y**3 - 4706*y**2 - 2400*y + 54142. What is z(1177)?
0
Let y(a) = a**3 + 88*a**2 - 178*a + 145. What is y(-90)?
-35
Let n(s) = -s**3 - 65*s**2 + 538*s - 15. Calculate n(7).
223
Let m(n) = 131*n + 6529. Calculate m(-54).
-545
Let l(g) = -2*g**3 - 34*g**2 - 474*g - 8396. Give l(-17).
-338
Let w(i) = -48*i**2 - 151*i + 207. Calculate w(9).
-5040
Let x(s) = -37*s**2 - 383*s - 1476. Give x(-4).
-536
Let n(v) = 14*v**2 + 618*v + 4053. Give n(-8).
5
Let l(n) = -75738*n - 227227. What is l(-3)?
-13
Let h(v) = -5*v**3 + 4*v**2 + 683*v + 2785. What is h(-4)?
437
Let b(k) = -518*k**2 + 3607*k + 136. Give b(7).
3
Let a(r) = 706*r - 447281. Calculate a(634).
323
Let z(t) = -t**3 - 352*t**2 + 81248*t + 193. Determine z(159).
34
Let j(z) = -22*z**3 - 332*z**2 + 220*z + 3729. What is j(-15)?
-21
Let r(m) = 631*m + 26759. Calculate r(-42).
257
Let z(x) = x**3 - 11*x**2 - 13314*x + 493. Determine z(121).
9
Let f(c) = -1214*c - 30312. What is f(-25)?
38
Let i(l) = l**3 + 41*l**2 + 110*l + 96. Give i(-38).
248
Let h(r) = -3*r**2 - 267*r - 1336. Determine h(-87).
-814
Let y(b) = 2*b**2 - 388*b + 10355. What is y(31)?
249
Let v(u) = -u**2 + 638*u - 36377. Calculate v(63).
-152
Let z(n) = -2659*n + 359030. Determine z(135).
65
Let u(r) = -856*r - 480394. Calculate u(-561).
-178
Let p(a) = 8*a**3 - 1372*a**2 - 681*a - 729. Give p(172).
475
Let q(r) = -609*r**2 + 1820*r + 11. What is q(3)?
-10
Let s(d) = -d**2 - 1085*d + 95631. Determine s(82).
-63
Let j(v) = 2*v**3 + 10*v**2 + 1227*v + 7425. Determine j(-6).
-9
Let z(x) = -x**3 - 664*x**2 - 2043*x - 475988. Calculate z(-662).
-10
Let v(z) = -z**3 - 151*z**2 - 783*z - 28870. Determine v(-147).
-205
Let c(o) = -o**2 + 208*o - 8479. Determine c(154).
-163
Let q(n) = 166*n - 14342. Determine q(87).
100
Let m(l) = -1418791*l - 22700658. What is m(-16)?
-2
Let p(n) = -40947*n + 614187. Calculate p(15).
-18
Let i(u) = 3*u**3 + 133*u**2 + 106*u - 30. Determine i(-1).
-6
Let x(z) = -19*z**2 - 2461*z + 82010. What is x(-157)?
56
Let d(l) = 2*l**3 - 36*l**2 - 9*l + 133. Give d(15).
-1352
Let k(q) = 43685*q + 87356. Determine k(-2).
-14
Let b(m) = -m**3 - 139*m**2 + 422*m + 116. What is b(-142)?
684
Let k(u) = -2*u**2 + 104*u + 2045. What is k(-20)?
-835
Let w(q) = 382*q - 52336. Determine w(137).
-2
Let j(y) = 64278*y + 1028441. Calculate j(-16).
-7
Let s(x) = 207*x**3 - 15*x**2 + x + 16. Determine s(-1).
-207
Let j(t) = 2*t**2 + 23646*t - 212769. What is j(9)?
207
Let q(f) = -33*f**2 - 112*f + 81. Calculate q(-8).
-1135
Let u(f) = -6580*f**2 - 519824*f - 297. Determine u(-79).
19
Let y(u) = 2*u**2 - 2824*u - 655612. What is y(-203)?
78
Let z(o) = 1233*o - 66585. Give z(54).
-3
Let o(m) = 17577*m + 263671. What is o(-15)?
16
Let b(m) = 2*m**3 + m**2 + 92*m - 473. Give b(6).
547
Let a(h) = 5*h**3 - 58*h**2 - 23*h + 30. Give a(12).
42
Let c(b) = b**2 - 173*b + 692. What is c(4)?
16
Let b(i) = 7997*i - 216116. What is b(27)?
-197
Let k(h) = -h**3 + 102*h**2 - 843*h + 594. Give k(93).
36
Let v(d) = 170339*d + 681515. Determine v(-4).
159
Let y(o) = o**3 + 97*o**2 - 896*o + 332. Give y(8).
-116
Let u(w) = 108*w**3 - 11*w**2 - 2*w + 5. Determine u(2).
821
Let k(n) = -208*n - 25357. Calculate k(-122).
19
Let h(d) = -d**2 - 581*d - 11807. What is h(-21)?
-47
Let f(y) = -38*y - 3603. Give f(-95).
7
Let k(s) = -1609*s**2 + 49965*s - 2665. Give k(31).
1
Let b(l) = 4*l**2 - 6618*l + 506825. Give b(1574).
-3
Let p(t) = 3*t - 126. Calculate p(-22).
-192
Let i(k) = 63*k**2 - 505*k + 338. Determine i(8).
330
Let s(g) = 4147*g + 12150. Give s(-3).
-291
Let k(y) = -2*y**3 - 16*y**2 - 12*y - 167. Determine k(-10).
353
Let m(i) = -8*i**2 + 173*i - 310. Determine m(2).
4
Let n(y) = -4*y**3 - 27*y**2 + 415*y + 927. Calculate n(-2).
21
Let j(h) = h**3 + 5327*h**2 - 69379*h - 525. What is j(13)?
8
Let j(g) = -9*g - 170. What is j(-17)?
-17
Let d(p) = -4890*p + 547635. Give d(112).
-45
Let r(w) = -36*w**2 + 368*w + 1839. What is r(-4)?
-209
Let s(w) = 5860*w + 228541. Calculate s(-39).
1
Let p(s) = -5*s**2 - 33*s + 190. Give p(5).
-100
Let u(v) = 3*v**2 + 14*v - 382. What is u(-14)?
10
Let i(c) = 15912*c - 525097. Calculate i(33).
-1
Let y(j) = -18*j**2 + 1069*j - 6907. Determine y(52).
9
Let f(o) = -o**3 + 43*o**2 - 399*o + 2084. Determine f(33).
-193
Let o(m) = -m**2 - 568*m - 79063. Calculate o(-324).
-7
Let d(r) = -9414*r - 1788658. Determine d(-190).
2
Let r(h) = -35*h**2 + 3554*h + 18006. Determine r(-5).
-639
Let k(y) = -y**3 + 73*y**2 - 12*y + 177. Determine k(73).
-699
Let u(m) = 31*m + 514. Give u(-15).
49
Let l(q) = q**3 - 176*q**2 + 139*q + 5805. Calculate l(175).
-495
Let a(w) = -129*w**2 - 3124*w + 37387. Determine a(-33).
-2
Let i(y) = -4*y**2 + 465*y + 1951. Give i(-4).
27
Let d(a) = -a**3 - 4*a**2 - 81*a - 266. Give d(-6).
292
Let b(r) = 329*r + 870. Calculate b(-5).
-775
Let q(y) = -35*y**2 + 816*y - 257. What is q(23)?
-4
Let q(a) = a**3 - 24*a**2 + 113*a - 1973. Determine q(23).
97
Let u(w) = 33228*w + 66469. Give u(-2).
13
Let l(c) = c**3 - 19*c**2 + 197*c - 607. Give l(22).
5179
Let r(w) = 4*w**2 - 9911*w - 148590. Determine r(-15).
975
Let a(i) = -i**3 + 10*i**2 + 341*i - 98. Calculate a(-14).
-168
Let t(g) = -14*g**2 - 1264*g - 144. Calculate t(-91).
-1054
Let b(w) = 12*w**3 + 167*w**2 + 54*w - 18. Determine b(-12).
2646
Let x(z) = 90*z - 17411. What is x(197)?
319
Let k(m) = -2395*m - 20633. Determine k(-9).
922
Let u(z) = 1450*z - 40464. Calculate u(28).
136
Let q(u) = 3*u**2 + 347*u + 15. Calculate q(0).
15
Let g(a) = 388964*a + 3111715. Calculate g(-8).
3
Let x(y) = -1939*y + 40739. Calculate x(21).
20
Let b(t) = 10*t**2 + 1045*t + 24322. Give b(-69).
-173
Let a(z) = -25*z**2 + 31912*z - 300270. Calculate a(1267).
9
Let l(h) = -h**2 - 6112*h - 103982. Calculate l(-17).
-367
Let w(q) = 10*q**2 - 169*q + 1688. What is w(13)?
1181
Let p(g) = 1517*g - 449107. What is p(296)?
-75
Let c(f) = -f**2 - 391*f + 8088. Determine c(20).
-132
Let n(u) = -5*u**3 - 289*u**2 - 1953*u - 168. Determine n(-50).
-18
Let l(i) = 41*i**3 + 288*i**2 - 312*i + 86. Determine l(-8).
22
Let g(d) = 675*d**3 - 7*d**2 - d + 7. What is g(1)?
674
Let a(m) = 433*m - 909. Give a(2).
-43
Let f(t) = -668588*t - 4011533. Calculate f(-6).
-5
Let c(j) = -8*j**3 - 9*j**2 + 25*j + 21. Give c(-7).
2149
Let i(b) = -22776*b**2 - 250477*b + 642. What is i(-11)?
-7
Let z(h) = h**2 + 327*h - 3774. Calculate z(12).
294
Let y(f) = -f**2 + 334*f - 18079. What is y(266)?
9
Let f(d) = 9678*d**3 + 29033*d**2 - 12. Calculate f(-3).
-21
Let b(c) = -c**2 - 23*c + 14499. Give b(-122).
2421
Let q(p) = -976896*p + 15. Give q(0).
15
Let j(z) = -23348*z - 1073981. Calculate j(-46).
27
Let j(q) = -3*q**2 - 255*q + 135284. Determine j(174).
86
Let c(f) = -22*f**2 + 184*f + 2106. Give c(-13).
-4004
Let v(t) = t**2 - 1356*t - 2148543. Calculate v(-937).
-2
Let q(o) = 4*o**3 - 371*o**2 - 102*o + 1464. Determine q(93).
627
Let y(m) = -m**2 - 3*m + 17289. Calculate y(132).
-531
Let o(w) = -w**3 + 69*w**2 - 118*w + 288. Give o(67).
1360
Let z(a) = a**3 + 402*a**2 - 23081*a + 9955. What is z(-453)?
-11
Let j(y) = -2*y**3 + 3*y**2 - 38*y + 9. Give j(9).
-1548
Let p(t) = -6*t**3 + 284*t**2 + 486*t + 212. What is p(49)?
16
Let v(h) = 3*h**3 - 120*h**2 + 121*h + 7867. Determine v(37).
23
Let r(o) = 3*o**3 - 248*o**2 - 86*o + 231. What is r(83)?
-18
Let w(b) = 126*b - 8955. Determine w(64).
-891
Let a(n) = n**2 + 59294*n + 5328323. What is a(-90)?
-37
Let m(b) = -2*b**3 - 69*b**2 - 364